v**2 - 32*v + 49. Let w be d(-23). Calculate the highest common divisor of w and 464.
16
Let j be (23080/30 + 7)/(1/18). What is the highest common factor of j and 34?
34
Suppose 0 = 19*h - 7*h - 118 + 22. Calculate the greatest common factor of h and 1888.
8
Let w(q) = 2*q**3 - 27*q**2 + 17*q + 20. Suppose 3*p - 7*p = d - 53, 3*d - 3 = 0. Let m be w(p). What is the highest common factor of 27 and m?
9
Let k = 3596 + -3554. What is the highest common factor of k and 147?
21
Let w(p) = -2219*p + 558. Let h be w(-3). Calculate the greatest common divisor of h and 37.
37
Suppose -11277 = -11*o + 24957. What is the greatest common divisor of 27 and o?
27
Suppose 55 - 349 = -7*q. Let a be (-70)/2*(-36)/q. Let d be (-28)/(-16) + (-3)/(-12). What is the highest common divisor of d and a?
2
Let g be -2*(-12)/(-16)*-2 + 15. Let w(v) = -5*v**2 - 12 - g + 20*v - 19*v**2 + 9*v + v**3. Let o be w(23). What is the greatest common factor of o and 27?
27
Let u be ((-30)/4)/(3/(-4)). Let f = 66955 - 66765. What is the highest common factor of f and u?
10
Suppose -23 + 21 = i, 3*i = 2*x - 6268. Calculate the highest common divisor of 303 and x.
101
Suppose 117*z - 34871 = -10184. What is the greatest common divisor of z and 1?
1
Let g be 1/4*-457*(-12)/(-3). Let p = g + 481. What is the greatest common factor of 120 and p?
24
Let l = -3183 + 5532. What is the highest common divisor of 81 and l?
81
Let d(w) = 2*w**2 + 23*w - 116. Let a be d(-17). Calculate the greatest common divisor of 37843 and a.
71
Let s(u) = -561*u - 1863. Let v be s(-5). Calculate the highest common divisor of 1727 and v.
157
Let i(s) = 164*s**2 - 171*s - 170. Let x be i(-1). Calculate the highest common divisor of x and 21120.
165
Let d(c) = 2*c**2 + 4*c - 205. Let m be d(-17). Calculate the greatest common factor of m and 1.
1
Let r be (-55 - -27004) + (-7)/((-21)/(-30)). What is the highest common divisor of 62 and r?
31
Let t = -32903 + 57458. Calculate the highest common divisor of t and 15.
15
Suppose 522 = -2*o + 5*k + 2710, o + 4*k = 1107. What is the highest common divisor of o and 7?
7
Let m(h) = -45*h - 190. Let o be m(-6). Let f be (-1)/(-8) - (-2790)/o. Calculate the greatest common factor of f and 21.
7
Suppose -96*w + 311 = -457. Let k(h) = -h**3 + 5*h**2 - 3*h - 4. Let a be k(3). Let f be -3 - (-17 - (a - 3)). Calculate the highest common factor of f and w.
8
Suppose 0 = 2*p + 2*p - 176. Let t be 14 - (-6)/((-27)/((-621)/(-46))). What is the highest common divisor of p and t?
11
Suppose -147 - 105 = -3*u. Suppose 588 = 8*q + u. Suppose 25*b + 17*b - 378 = 0. Calculate the highest common factor of q and b.
9
Suppose 192*z - 12 = 213*z - 894. What is the highest common divisor of z and 266?
14
Suppose -23*b + 37*b - 364 = 7*b. Calculate the highest common factor of b and 324.
4
Let k(w) be the third derivative of -w**6/120 + w**5/6 + 5*w**4/4 - 4*w**3 - 181*w**2. Let p be k(8). Calculate the highest common divisor of p and 43.
43
Suppose 0 = -4055*i + 4013*i + 3570. Calculate the greatest common divisor of 24565 and i.
85
Let z(p) = -11 + 9*p**2 - 2 + 11*p + 7 + p**3 - 2*p**3. Let j be z(10). Suppose -j*g + 166 = -2. Calculate the greatest common divisor of g and 21.
21
Suppose p + 8 = 2*p - a, 0 = 2*p + 3*a + 9. Let f be (5 + 1 + (-318)/4)*8. Let g = 603 + f. Calculate the highest common divisor of g and p.
3
Let n be (4/8)/(4749/1188 + -4). Let f = n + 243. What is the highest common divisor of 15 and f?
15
Let k be 8/(-18) - -17*(-50)/(-90). What is the greatest common factor of 16479 and k?
9
Let r(y) = -2*y**3 + y**2 + 7*y + 42. Let d be r(0). What is the highest common factor of d and 749?
7
Let g(w) = -3*w**3 - 2*w**2 + 17*w + 54. Let j be g(0). Suppose -3*y = -2*i - 26, -4*y = -5*i - 8 - 36. What is the greatest common factor of y and j?
6
Let z = -6875 - -6883. Let d be 0 + 2/(-2)*-136. What is the greatest common divisor of d and z?
8
Let k be 94416/105 + (-2)/10. Suppose 3*t - 859 = -z - 2*t, z = 3*t + k. Calculate the greatest common divisor of z and 68.
68
Let m = 192 - 110. Suppose -3*h + 5*o = 12 - m, 4*o + 8 = 0. What is the highest common divisor of 180 and h?
20
Let a be (-2 - (-3 + -1))*(-9)/(-6). Suppose 3*y = -a*m + 2334, 5*m + 4*y = y + 3882. Calculate the highest common factor of 43 and m.
43
Suppose -34*d + 168 = 4*g - 35*d, 0 = -4*g + 4*d + 168. What is the greatest common factor of g and 98?
14
Let s = -131 - 79. Let o = -206 - s. Calculate the greatest common factor of 64 and o.
4
Let w(l) = 84*l + 3431. Let c be w(0). What is the highest common factor of c and 219?
73
Let i(s) = -s**3 + 39*s**2 - 212*s - 118. Let l be i(32). Let v(r) = -8*r - 26. Let p be v(-5). What is the greatest common divisor of l and p?
14
Suppose -5*c - 66 = -27*c. Suppose -29 = -c*w + 217. Calculate the highest common factor of 41 and w.
41
Let i = -720 - -720. Suppose i = -6*u + 604 + 386. Calculate the greatest common divisor of 30 and u.
15
Suppose 9*a + 3680 = 12*a + 43*a. What is the highest common factor of 12480 and a?
80
Suppose 0 = 5*b - 697 - 9827 + 2274. What is the greatest common divisor of b and 12?
6
Let f be (-32)/(-5 + 1/(-20)*-92). Calculate the highest common divisor of f and 32.
16
Suppose 2*i - w - 31 = 0, 4*i - 5*w + 4*w = 61. Suppose 2*x - 462 = -16*j + 18*j, -5*j - i = 0. What is the highest common divisor of 171 and x?
57
Let y(u) = -11*u - 4. Suppose 0 = -3*w + 2*p - 137, p = 2*w - 3*p + 94. Let g = w - -41. Let x be y(g). What is the highest common divisor of x and 4?
4
Let w(i) = -6*i - 10. Suppose -5*g - 5 = -15. Suppose -g*f = -5*d - 60, 5*d - 6*f + f = -75. Let q be w(d). Calculate the highest common factor of q and 20.
10
Let y(r) = -14*r + 59. Let x be y(4). Suppose -5*b = 4*c - 112 - 48, x*c - 4*b = 151. Calculate the greatest common divisor of 9 and c.
9
Let d(f) = 2*f + 54. Let s be d(-10). What is the highest common factor of s and 2414?
34
Let r(b) = -41*b - 2566. Let u be r(-87). What is the highest common factor of u and 169?
13
Let m(u) = -u**2 + 12*u + 168. Let c be m(-8). Suppose 11*o - c = 553. What is the greatest common divisor of o and 3?
3
Let u be (16/160*12*-1)/((-58)/30305). Let y = 64 - 7. What is the highest common factor of u and y?
57
Suppose -16709 = -5*z + 4*o, -4*o + 3*o = -z + 3343. Calculate the greatest common divisor of z and 47.
47
Let w = -8062 + 14493. Calculate the highest common divisor of w and 59.
59
Let v be (-378)/1008 - ((-4569)/8)/3. Let z(k) = -3*k**2 - 7*k - 3. Let i be z(-5). Let q = i - -81. Calculate the greatest common factor of q and v.
38
Suppose 0*s - s = 12. Let l = 21 + s. Let f = -1321 - -1420. What is the highest common factor of l and f?
9
Let u = -142 - -136. Let k be (-588)/(-3) + u/(-3). What is the greatest common divisor of k and 22?
22
Suppose 3 = -m - 0, 0 = 4*f - m - 83. Suppose -g + 2*z = -260, -3*g + 7*g + 4*z - 1088 = 0. Let a = -188 + g. What is the greatest common divisor of f and a?
20
Suppose -3*n + 6 = 0, -56 = -3*r + 77*n - 75*n. What is the greatest common factor of 7810 and r?
10
Let w be ((-5)/2)/((-5)/210). Let j = 68 - 53. Let p be 35/j + -3 - 256/(-6). Calculate the highest common divisor of w and p.
21
Suppose 840 = -10*b - 4*b. Let f be 56*(b/14)/(-3). What is the greatest common divisor of f and 10?
10
Let y(q) = q**2 + 10*q + 14. Let x be y(-9). Suppose -v - 128 = x*d, -d - 16 = 3*d. Let t be 24/v + (-112)/(-18). What is the highest common divisor of t and 3?
3
Let u be (9/(-504)*16)/((-2)/154). Calculate the highest common divisor of 44 and u.
22
Let j be (-2175120)/(-63) + 36/28. What is the greatest common factor of j and 51?
51
Let j be -5 + (-20)/(-5) + 3. Let g be (1 - j)/(6*2/120). Let n be (28/g)/(18/(-180)). Calculate the highest common divisor of n and 308.
28
Suppose 35*c = -12*m + 34*c + 1067, -3*m + 265 = 2*c. What is the greatest common divisor of 32040 and m?
89
Let u be (-85)/(-15) + -5 + -30*57/(-27). What is the greatest common factor of u and 1784?
8
Suppose 5*z = 1047 + 663. Let d be 4 - (1 + 4 + -2 + -55). Suppose 110 = 3*f + 2*i, 5*i + 30 = 2*f - d. What is the highest common factor of z and f?
38
Let z(w) = -w**2 - 12*w - 12. Let b be z(-10). Suppose 8*s = g + 9*s, -5*s - 28 = -2*g. Calculate the greatest common factor of b and g.
4
L